94?
2, 7, 17, 251, 47963
What are the prime factors of 285644209?
127, 659, 3413
What are the prime factors of 72909697?
7, 1487953
What are the prime factors of 2001099543?
3, 991, 673091
List the prime factors of 290701703.
290701703
What are the prime factors of 306031305?
3, 5, 20402087
What are the prime factors of 26864229?
3, 7, 1279249
What are the prime factors of 39583790?
2, 5, 317, 12487
List the prime factors of 179295203.
179295203
List the prime factors of 751798.
2, 375899
What are the prime factors of 500426699?
500426699
List the prime factors of 47191482.
2, 3, 13, 201673
What are the prime factors of 1899561906?
2, 3, 11, 367, 26141
What are the prime factors of 30132295?
5, 457, 13187
List the prime factors of 3187513742.
2, 7, 23, 101, 98011
List the prime factors of 255267826.
2, 11, 31, 374293
List the prime factors of 47843420.
2, 5, 197, 12143
List the prime factors of 157320335.
5, 31464067
List the prime factors of 30894686.
2, 29, 173, 3079
What are the prime factors of 3706327826?
2, 863, 2147351
What are the prime factors of 1733379077?
1733379077
List the prime factors of 1530790045.
5, 6451, 47459
What are the prime factors of 382953848?
2, 37, 1293763
List the prime factors of 3181430299.
3181430299
List the prime factors of 967969937.
11, 4211, 20897
List the prime factors of 41563419.
3, 17, 101, 8069
What are the prime factors of 319268055?
3, 5, 73, 291569
List the prime factors of 149226859.
173, 862583
List the prime factors of 48237743.
73, 660791
List the prime factors of 54139018.
2, 19, 47, 30313
List the prime factors of 606651319.
29, 20919011
What are the prime factors of 1562592625?
5, 11, 631, 1801
List the prime factors of 4391793935.
5, 878358787
List the prime factors of 1870219985.
5, 409, 914533
List the prime factors of 447391044.
2, 3, 569, 21841
List the prime factors of 609470005.
5, 121894001
List the prime factors of 3774227811.
3, 19, 66214523
List the prime factors of 2498154320.
2, 5, 367, 85087
List the prime factors of 78837192.
2, 3, 7, 23, 2267
What are the prime factors of 88950124?
2, 22237531
What are the prime factors of 32569878?
2, 3, 11, 53, 9311
List the prime factors of 2048461455.
3, 5, 3229, 42293
What are the prime factors of 232344081?
3, 25816009
What are the prime factors of 59955587?
2339, 25633
What are the prime factors of 468875181?
3, 17, 359, 25609
List the prime factors of 419684369.
13, 19, 53, 32059
List the prime factors of 178807680.
2, 3, 5, 37, 839
What are the prime factors of 3160092425?
5, 7, 41, 440431
List the prime factors of 361350343.
41, 53, 179, 929
What are the prime factors of 1035449957?
17, 41, 1485581
List the prime factors of 388431743.
7, 433, 128153
What are the prime factors of 1315893700?
2, 5, 11, 1196267
List the prime factors of 2306751280.
2, 5, 1823, 15817
What are the prime factors of 57339106?
2, 11, 661, 3943
List the prime factors of 1783310285.
5, 17, 20980121
List the prime factors of 1735626539.
29, 197, 303803
What are the prime factors of 100591677?
3, 271, 41243
List the prime factors of 126786181.
73, 1736797
List the prime factors of 153885866.
2, 76942933
What are the prime factors of 43548937?
61, 713917
What are the prime factors of 8644781951?
13, 14851, 44777
List the prime factors of 1153775921.
37, 53, 588361
List the prime factors of 901169507.
7, 17, 2129, 3557
List the prime factors of 1023118937.
1009, 1013993
What are the prime factors of 389420497?
29, 887, 15139
List the prime factors of 7277392.
2, 449, 1013
What are the prime factors of 303513106?
2, 13, 19, 23, 26713
What are the prime factors of 681504340?
2, 5, 11, 727, 4261
What are the prime factors of 21339885?
3, 5, 7, 41, 4957
List the prime factors of 86784691.
7, 53, 233921
What are the prime factors of 311262236?
2, 2657, 29287
List the prime factors of 372623087.
372623087
List the prime factors of 3140635435.
5, 7, 89732441
What are the prime factors of 103325141?
103325141
List the prime factors of 1259725860.
2, 3, 5, 83, 84319
List the prime factors of 83891653.
61, 569, 2417
List the prime factors of 389158592.
2, 409, 14867
What are the prime factors of 734957489?
7, 104993927
List the prime factors of 837138732.
2, 3, 131, 532531
List the prime factors of 48268674.
2, 3, 23, 31, 3761
What are the prime factors of 103574761?
17, 6092633
List the prime factors of 210243207.
3, 23, 463, 6581
List the prime factors of 247176739.
83, 2978033
List the prime factors of 1025183391.
3, 14821, 23057
List the prime factors of 1375182411.
3, 17, 1657, 16273
List the prime factors of 291345921.
3, 32371769
List the prime factors of 1826095589.
397, 4599737
What are the prime factors of 224662925?
5, 1933, 4649
List the prime factors of 1815967854.
2, 3, 587, 171869
List the prime factors of 12360168.
2, 3, 57223
What are the prime factors of 605420477?
139, 263, 16561
What are the prime factors of 2595076475?
5, 103803059
What are the prime factors of 709577128?
2, 13, 2153, 3169
List the prime factors of 2008472409.
3, 5641, 13187
What are the prime factors of 14685526?
2, 47, 156229
List the prime factors of 164003189.
7, 23429027
List the prime factors of 19341834.
2, 3, 401, 8039
What are the prime factors of 56610396?
2, 3, 1572511
List the prime factors of 511437231.
3, 17, 19, 79, 131
List the prime factors of 3404657844.
2, 3, 7, 1993, 6779
List the prime factors of 1206550697.
11, 109686427
List the prime factors of 390612773.
19, 20558567
List the prime factors of 627203670.
2, 3, 5, 20906789
List the prime factors of 23715918.
2, 3, 17, 47, 97
What are the prime factors of 2307030564?
2, 3, 67, 2869441
What are the prime factors of 23994328?
2, 457, 6563
List the prime factors of 1052372407.
31, 33947497
What are the prime factors of 104949103?
7, 19, 789091
List the prime factors of 4300543428.
2, 3, 47, 7625077
List the prime factors of 3985082545.
5, 797016509
What are the prime factors of 75080612?
2, 18770153
What are the prime factors of 64677418?
2, 13, 17, 41, 43, 83
What are the prime factors of 502315413?
3, 31, 5401241
What are the prime factors of 1859903773?
7, 13, 3023, 6761
List the prime factors of 379904146.
2, 701, 270973
What are the prime factors of 3507866778?
2, 3, 13, 2459, 18289
What are the prime factors of 63302783?
937, 67559
What are the prime factors of 2360343?
3, 67, 11743
What are the prime factors of 61192806?
2, 3, 19, 536779
What are the prime factors of 430400736?
2, 3, 151, 3299
List the prime factors of 130816419.
3, 29, 1503637
List the prime factors of 57028525.
5, 103, 22147
What are the prime factors of 1127944518?
2, 3, 23, 97, 84263
List the prime factors of 12854181.
3, 31, 89, 1553
What are the prime factors of 2358539419?
2358539419
What are the prime factors of 208150486?
2, 173, 601591
What are the prime factors of 15470864?
2, 19, 50891
What are the prime factors of 81319982?
2, 167, 243473
List the prime factors of 309314950.
2, 5, 7, 191, 661
What are the prime factors of 1970224455?
3, 5, 41, 78137
List the prime factors of 17846765.
5, 37, 96469
List the prime factors of 186380808.
2, 3, 677, 11471
What are the prime factors of 4663812004?
2, 2083, 559747
What are the prime factors of 40213000?
2, 5, 40213
List the prime factors of 27837480.
2, 3, 5, 11, 21089
What are the prime factors of 113634029?
103, 139, 7937
What are the prime factors of 578901517?
1583, 365699
What are the prime factors of 236034?
2, 3, 31, 47
What are the prime factors of 81962290?
2, 5, 113, 72533
What are the prime factors of 82490632?
2, 7, 1473047
List the prime factors of 5635289218.
2, 13, 37, 571, 10259
List the prime factors of 33228525.
3, 5, 11, 40277
List the prime factors of 1776624004.
2, 444156001
What are the prime factors of 717354772?
2, 179338693
What are the prime factors of 249309333?
3, 7, 13, 149, 227
List the prime factors of 28198151.
997, 28283
What are the prime factors of 18611650?
2, 5, 251, 1483
What are the prime factors of 70662393?
3, 41, 191497
What are the prime factors of 4080791045?
5, 816158209
List the prime factors of 4842100153.
11, 79, 5572037
What are the prime factors of 1240301563?
9767, 126989
List the prime factors of 195821236.
2, 13, 59, 83, 769
What 